42695?
False
Does 53 divide 9359716?
False
Does 673 divide 743665?
True
Is 495599 a multiple of 871?
True
Is 37 a factor of 78250?
False
Is 371166 a multiple of 6?
True
Is 4492800 a multiple of 75?
True
Is 9 a factor of 15417?
True
Is 123695 a multiple of 34?
False
Is 3272719 a multiple of 11?
False
Is 20 a factor of 5706500?
True
Does 5 divide 248820?
True
Is 25 a factor of 4496912?
False
Is 1546484 a multiple of 51?
False
Is 40 a factor of 742897?
False
Does 31 divide 2507?
False
Is 14989577 a multiple of 917?
False
Is 292768 a multiple of 14?
True
Is 4820832 a multiple of 114?
True
Is 6 a factor of 630234?
True
Does 543 divide 1108806?
True
Does 25 divide 10158225?
True
Is 1133326 a multiple of 3?
False
Is 11326079 a multiple of 14?
False
Is 2646980 a multiple of 490?
True
Does 320 divide 3639680?
True
Is 211757 a multiple of 169?
True
Is 7831 a multiple of 2?
False
Does 17 divide 177721?
False
Is 73086 a multiple of 16?
False
Is 34 a factor of 1187031?
False
Does 4 divide 150060?
True
Does 92 divide 94484?
True
Does 58 divide 2839083?
False
Is 3288364 a multiple of 13?
False
Does 20 divide 184580?
True
Does 29 divide 44260?
False
Is 35 a factor of 17239740?
True
Is 883268 a multiple of 26?
False
Is 4514 a multiple of 61?
True
Is 305 a factor of 158565?
False
Does 45 divide 174985?
False
Is 56 a factor of 108150?
False
Does 13 divide 818185?
False
Is 13 a factor of 84032?
True
Is 606703 a multiple of 201?
False
Is 156060 a multiple of 85?
True
Is 243 a factor of 219649?
False
Is 12 a factor of 13838?
False
Is 40188 a multiple of 3?
True
Is 111 a factor of 14948643?
False
Is 659897 a multiple of 52?
False
Is 13 a factor of 126178?
True
Does 16 divide 363248?
True
Is 33 a factor of 127677?
True
Does 818 divide 9390246?
False
Does 6 divide 138779?
False
Is 2248891 a multiple of 327?
False
Is 11 a factor of 9369162?
True
Is 56 a factor of 14112?
True
Is 12 a factor of 370135?
False
Is 9 a factor of 3693472?
False
Is 6 a factor of 4965198?
True
Does 81 divide 138842?
False
Is 295274 a multiple of 77?
False
Is 2141925 a multiple of 5?
True
Is 4 a factor of 2355136?
True
Is 136549 a multiple of 4?
False
Is 45465 a multiple of 36?
False
Does 76 divide 13583328?
True
Does 145 divide 137744?
False
Is 13333 a multiple of 73?
False
Is 8324616 a multiple of 15?
False
Is 48 a factor of 826704?
True
Does 21 divide 1955835?
True
Is 267 a factor of 342294?
True
Is 606840 a multiple of 12?
True
Is 12599813 a multiple of 591?
False
Does 412 divide 682272?
True
Does 49 divide 27676609?
False
Is 173540 a multiple of 117?
False
Does 10 divide 11565079?
False
Is 646 a multiple of 323?
True
Is 678294 a multiple of 159?
True
Is 532044 a multiple of 769?
False
Does 658 divide 8001182?
False
Does 16 divide 33543810?
False
Is 2425847 a multiple of 910?
False
Is 349 a factor of 343416?
True
Does 28 divide 5330829?
False
Is 183816 a multiple of 108?
True
Is 2 a factor of 2862?
True
Does 624 divide 79872?
True
Does 59 divide 249216?
True
Is 524535 a multiple of 152?
False
Is 809661 a multiple of 23?
False
Does 5 divide 574143?
False
Does 225 divide 354600?
True
Is 423440 a multiple of 79?
True
Does 109 divide 2291401?
False
Is 143 a factor of 226512?
True
Does 23 divide 16634?
False
Is 8150658 a multiple of 1007?
True
Does 468 divide 15848352?
True
Is 838028 a multiple of 15?
False
Is 39 a factor of 43966?
False
Is 2885691 a multiple of 53?
True
Does 45 divide 9115875?
True
Is 66 a factor of 561660?
True
Does 26 divide 11568?
False
Is 547821 a multiple of 66?
False
Is 23408089 a multiple of 490?
False
Is 29076905 a multiple of 13?
True
Is 983755 a multiple of 88?
False
Is 111 a factor of 1864578?
True
Is 158647 a multiple of 18?
False
Is 338 a factor of 109512?
True
Is 7649808 a multiple of 212?
True
Is 220045 a multiple of 133?
False
Is 30 a factor of 225188?
False
Is 369 a factor of 114759?
True
Is 1465122 a multiple of 63?
False
Is 1013530 a multiple of 384?
False
Does 523 divide 214953?
True
Is 22 a factor of 292182?
True
Is 473660 a multiple of 11?
True
Is 320 a factor of 334396?
False
Is 3878935 a multiple of 238?
False
Is 278 a factor of 25576?
True
Does 42 divide 611814?
True
Is 12276250 a multiple of 1250?
True
Is 2245320 a multiple of 1260?
True
Is 8 a factor of 6171468?
False
Is 6 a factor of 9905?
False
Is 4 a factor of 4112?
True
Is 562496 a multiple of 352?
True
Does 19 divide 631443?
False
Does 32 divide 44832?
True
Does 672 divide 1341984?
True
Is 41 a factor of 7872?
True
Does 88 divide 265232?
True
Is 182 a factor of 22932?
True
Is 803312 a multiple of 358?
False
Is 70 a factor of 8648636?
False
Is 74888 a multiple of 11?
True
Is 611630 a multiple of 16?
False
Is 8 a factor of 6336?
True
Is 14375 a multiple of 23?
True
Is 112160 a multiple of 16?
True
Is 2 a factor of 360086?
True
Is 106 a factor of 549251?
False
Is 946406 a multiple of 258?
False
Is 26 a factor of 754?
True
Is 840296 a multiple of 17?
False
Is 166664 a multiple of 83?
True
Is 276364 a multiple of 186?
False
Is 4177552 a multiple of 1528?
True
Is 2088324 a multiple of 27?
False
Does 273 divide 173355?
True
Is 48 a factor of 1108464?
True
Is 772 a factor of 183133?
False
Is 84257 even?
False
Does 9 divide 61047?
True
Is 1176160 a multiple of 6?
False
Is 22 a factor of 17652404?
True
Does 22 divide 210232?
True
Does 34 divide 2141796?
True
Is 1273384 a multiple of 28?
True
Is 8987 a multiple of 11?
True
Is 433 a factor of 789628?
False
Is 4960661 a multiple of 10?
False
Is 3519704 a multiple of 4?
True
Is 7204 a multiple of 166?
False
Does 7 divide 45904?
False
Does 2 divide 8972?
True
Is 61 a factor of 114398?
False
Is 12 a factor of 991094?
False
Is 92820 a multiple of 11?
False
Does 823 divide 5047459?
True
Does 2 divide 7067?
False
Is 57 a factor of 19889263?
False
Is 167922 a multiple of 110?
False
Is 842 a factor of 4153586?
True
Does 27 divide 45306?
True
Is 55756 a multiple of 61?
False
Is 279560 a multiple of 40?
True
Is 14070270 a multiple of 896?
False
Does 42 divide 1986012?
True
Is 4 a factor of 402009?
False
Is 44189 a multiple of 273?
False
Is 14 a factor of 1927866?
False
Does 22 divide 8958758?
False
Is 171886 a multiple of 247?
False
Does 221 divide 152312?
False
Does 31 divide 472931?
False
Is 13 a factor of 241384?
True
Is 4341106 a multiple of 98?
True
Is 1264334 a multiple of 89?
True
Does 87 divide 5285834?
False
Is 35 a factor of 3551380?
True
Does 76 divide 2708032?
True
Is 509045 a multiple of 61?
True
Is 5064818 a multiple of 451?
False
Is 120 a factor of 3908040?
True
Is 3 a factor of 7146?
True
Is 183 a factor of 99836?
False
Is 114955 even?
False
Does 2 divide 12006?
True
Does 200 divide 1141639?
False
Does 133 divide 1921240?
False
Is 124080 a multiple of 110?
True
Does 40 divide 22772?
False
Does 20 divide 74060?
True
Is 303228 a multiple of 167?
False
Is 6621153 a multiple of 21?
True
Is 162 a factor of 100850?
False
Is 12 a factor of 2444579?
False
Does 14 divide 151816?
True
Does 45 divide 55665?
True
Does 40 divide 920600?
True
Does 2 divide 7005?
False
Is 463069 a multiple of 66?
False
Does 149 divide 438941?
False
Does 74 divide 484372?
False
Is 341811 a multiple of 9?
True
Is 372880 a multiple of 98?
False
Is 5 a factor of 375576?
False
Does 11 divide 4697035?
False
Is 144 a factor of 668448?
True
Does 31 divide 1921969?
True
Does 21 divide 1496964?
True
Does 328 divide 10831046?
False
Is 662 a factor of 3573372?
False
Is 24624 a multiple of 92?
False
Is 4317226 a multiple of 589?
False
Does 185 divide 136785?
False
Is 512357 a multiple of 34?
False
Is 630060 a multiple of 10?
True
Is 18 a factor of 11319232?
False
Is 14557 a multiple of 19?
False
Does 17 divide 122846?
False
Does 10 divide 73578?
False
Is 127172 a multiple of 38?
False
Is 22 a factor of 4598?
True
Is 71 a factor of 3695245?
False
Does 151 divide 9956154?
False
Is 11 a factor of 145672?
False
Is 10920669 a multiple of 23?
False
Is 125511 a multiple of 108?
False
Is 18412325 a multiple of 20?
False
Is 102 a factor of 13722?
False
Does 89 divide 56248?
True
Is 7923755 a multiple of 67?
True
Is 4 a factor of 18312?
True
Does 725 divide 18312050?
True
Does 264 divide 7234962?
False
Is 18 a factor of 51744?
False
Is 345 a factor of 744851?
False
Does 11 divide 4788575?
True
Does 19 d